307 - 1*-1. Let b = -7068 - -7098. List the prime factors of c/b + 6/(-10) + 1.
2, 3
Suppose 2557*y - 2585*y = -120960. List the prime factors of y.
2, 3, 5
List the prime factors of (-382 + (-6)/(-6))*(-47 - 14).
3, 61, 127
Let i(h) = 33*h**2 - 4354*h - 169. List the prime factors of i(149).
2, 3, 4651
Let x be (-24)/(-4)*-1*(-1466)/3. What are the prime factors of ((-9)/(-18))/(2/x)?
733
Suppose -49*p + 12 = -47*p. Let g = p + 9. What are the prime factors of g/(-10)*41*(0 - 2)?
3, 41
Suppose -3*u + 3195 + 603 = 0. List the prime factors of u.
2, 3, 211
Suppose 4*y = 5*y - 12*y + 83963. What are the prime factors of y?
17, 449
Let a(p) = -7*p**2 - 1. Let n be a(1). Let w(t) = 3*t. Let f(l) = -20*l + 1. Let z(b) = -2*f(b) - 14*w(b). List the prime factors of z(n).
2, 7
Suppose 3*s - 6*s + 1368 = 0. Let o = -53 + s. Suppose 2*u - 3*u - 4*g = -125, 0 = -3*u + 2*g + o. What are the prime factors of u?
7, 19
Let o(q) = 2*q**2 - 4*q + 6. Suppose 5*s - 10 = 2*x, 3*s - 6 = -8*x + 4*x. Suppose x = -3*z - 3 + 24. List the prime factors of o(z).
2, 19
Suppose -6*n = -21754 - 20678. List the prime factors of n.
2, 13, 17
Let y(i) = -i**3 - 2*i + 8*i**2 + 2 + 0*i + 5*i + 7 + 6*i. What are the prime factors of y(7)?
11
Let j(z) = 13*z**3 + z**2 + 22*z + 22. Let o(w) = 10*w**3 + 2*w**2 + 22*w + 23. Let g(s) = 3*j(s) - 4*o(s). List the prime factors of g(-8).
2, 3, 19
Let u(f) be the first derivative of -67*f**2/2 + 87*f - 9. What are the prime factors of u(-4)?
5, 71
List the prime factors of (5/4)/((-17)/4114)*-18.
3, 5, 11
Let j(t) = -t**3 - 10*t - 11*t**2 + 32 - 51 - 2*t. What are the prime factors of j(-12)?
269
Suppose -42*y + 51*y - 882 = 0. Suppose 0 = -t + 965 - y. List the prime factors of t.
3, 17
Let i(z) = -10*z**3 - z**2 - 2*z - 2. Let w = 40 - 37. Suppose -5*g - w = 17, 0 = -5*t - 4*g - 21. What are the prime factors of i(t)?
3
Let z = -946 - -468. Let c = -17 + z. List the prime factors of (-4)/6*c/22.
3, 5
Let b = -62 - -118. Suppose -5*x = 4*w - 280, -b = -x + 4*w - w. Suppose -2*h + x = -84. What are the prime factors of h?
2, 5, 7
Suppose 32*g = -311 + 1271. Suppose -1753 = g*t - 11833. List the prime factors of t.
2, 3, 7
Suppose -5*u = -5*r + 3600, 78 = r + 2*u - 648. Suppose -3*q = 5*j - 1805, -r = -2*j + 2*q - q. What are the prime factors of j?
19
Let f(j) = 4*j + 9. Suppose -d + 2*g = -5*d + 32, 5*g = 0. Let x be f(d). Let n = 184 - x. What are the prime factors of n?
11, 13
Let b(f) = f**2 - 16*f - 44. Let d be b(19). Suppose -4293 + 1654 = -d*t. What are the prime factors of t?
7, 29
List the prime factors of (405/(-225))/(6/(-10)) - -5922.
3, 5, 79
Suppose -1871 + 5 = 6*l. Let c = l - -1414. List the prime factors of c.
1103
Let i(a) = 3*a - 15. Suppose 29 = -5*m + 29. Suppose -4*t + 4*s + m*s = -48, -2*t = s - 12. List the prime factors of i(t).
3
Let t = 248 - -572. Suppose 135*a = 130*a + t. Suppose -7*v = -9*v + a. What are the prime factors of v?
2, 41
Suppose 2*q = -q - 4*a + 13961, -2*q = -2*a - 9284. List the prime factors of (-1)/(6/(-4)) + q/9.
11, 47
Let i(z) = -31614 - 5*z + 31610 + 0*z**3 + 2*z**3 + 4*z**2. Suppose -2*w - 6 = -3*q + 3, w - 2*q = -7. What are the prime factors of i(w)?
71
What are the prime factors of 0 + (-10 - -17 - -13024)?
83, 157
Let h = -518 + 306. Let w = 105 - h. What are the prime factors of w?
317
Let x = 3332 - 5006. Let b = x - -2382. What are the prime factors of b?
2, 3, 59
Let j(b) = b**2 + 6*b + 7. Let i be j(-8). Let k = -20 + i. List the prime factors of (-133)/3*(-3)/3*k.
7, 19
Let a(g) = -8 + 36 - 42*g + 14 + 9. List the prime factors of a(-8).
3, 43
Suppose -11*t + 3*t + 12*t = 0. Suppose -5*d - m + 1804 = t, -3*m = -d + 233 + 131. List the prime factors of d.
19
Suppose 3*k = -28 + 52, -4*k = 4*a - 11392. What are the prime factors of a?
2, 5, 71
Suppose 0 = d - 5*y + 7, -d - 3*y = 3*d - 18. Let s = -9 + 78. Suppose -d*x = -s + 21. What are the prime factors of x?
2
Let h(b) = -2*b + 11. Suppose -5*f + 11 = 4*k - 6, 0 = -4*k + 5*f - 33. Let i be h(k). List the prime factors of (-64)/6*i/(-2).
2, 5
Let m be 8/(-4) + 6 + 0. Let o(n) = -n**3 + 5*n**2 - n + 8. Let x be o(m). List the prime factors of 8/x + 3/(15/53).
11
Let j = 518 - 281. Let y(o) = -o**3 - 6*o**2 - 16*o - 19. Let n be y(-9). Let c = n - j. List the prime factors of c.
131
Let l = -2669 + 4977. List the prime factors of l.
2, 577
Suppose -17*s + 57204 + 8552 = 0. What are the prime factors of s?
2, 967
Let j = -43 + 35. Let n(w) = 4*w**2 + 13*w - 16. What are the prime factors of n(j)?
2, 17
List the prime factors of (2 + -179*443)*(-18)/90.
15859
What are the prime factors of 2634507/54 - (-6 - 333/(-54))?
48787
Let x(n) = 5*n**3 - 22*n**2 - 334*n + 56. List the prime factors of x(19).
20063
Let y be ((18 + -7)/(-22))/(1/(-16142)). Suppose 34*b + y = 41*b. List the prime factors of b.
1153
Let i = 54 - 51. Suppose 0 = 9*g - i*g - 12. Suppose -5*d = g*c - c - 59, 10 = -2*d. What are the prime factors of c?
2, 3, 7
Suppose 59 = 7*a + 59. List the prime factors of (-3997)/(-14) + a + 2/(-4).
3, 5, 19
Suppose -7*g - 12*g + 174888 = 2*g. What are the prime factors of g?
2, 3, 347
Let w = 67544 + -44570. What are the prime factors of w?
2, 3, 7, 547
Let w(v) = -v**3 + 6*v**2 + 3*v - 15. Let q be w(6). Let a be q/21 - (-26)/14. Suppose l = -a*l + 9, 3*o = l + 567. List the prime factors of o.
2, 5, 19
Suppose -47*v = -51*v + 188. Suppose k = 50 - v. Suppose 0 = k*a + a - 624. What are the prime factors of a?
2, 3, 13
Let v = 1391 + -265. Let s = 2338 - v. What are the prime factors of s?
2, 3, 101
Let k(o) = o**3 - 2*o**2 - 3*o - 2. Let s be k(3). Let r be (-22 + -7 + 3)/(s/4). Suppose a + r = 174. What are the prime factors of a?
2, 61
Let j(v) = 11*v**2 - 3*v - 5*v**2 + 79 - 14 + 6*v**2. What are the prime factors of j(6)?
479
Let s(i) = i**2 - 9*i - 7. Let n be s(10). Suppose -4*c + 304 = -4*j, -c + n*c + 4*j - 176 = 0. Let k = 143 - c. List the prime factors of k.
3, 7
Suppose -5*p - w - 37 = 26, -p = -w + 9. Let z = -1585 - -3249. List the prime factors of p/9 + z/24.
2, 17
Suppose -v - 199 = 4*m, 2*v + 55 = -2*m - 313. Let n = -41 - v. What are the prime factors of n?
2, 3, 23
Suppose -2*l = d - 4*d + 894, -d + 4*l = -298. What are the prime factors of d?
2, 149
Suppose y = -3*v + v + 9263, -4*y + 37045 = v. List the prime factors of y.
3, 7
Let q = -38516 + 73337. List the prime factors of q.
3, 53, 73
Suppose -4*c = -2*r + 3*r - 21, 5*r - 5 = 5*c. Let y(v) = 2*v**2 - 5*v + 5. Let l be y(c). Suppose -l*d = -14*d - 426. What are the prime factors of d?
2, 71
Suppose 0 = 3*y - k - 132, -3*y - 4*k = 2*y - 220. Let b = -149 - y. Let o = 339 + b. What are the prime factors of o?
2, 73
Let s = 157 + -157. Let c(m) = -m**2 - m + 447. List the prime factors of c(s).
3, 149
Let m(p) = 41*p - 130. Let g(y) = -21*y + 65. Let n(b) = 7*g(b) + 3*m(b). List the prime factors of n(-4).
7, 23
Let g(b) be the third derivative of b**5/15 + 5*b**4/24 + 2*b**3 - b**2. Suppose 0*s + 4*n = 3*s + 23, 2*n - 29 = 5*s. List the prime factors of g(s).
3, 29
Suppose -23*a + 30304 = -15*a. Suppose -4*n = 0, 5*i - 5*n = 9*i - a. What are the prime factors of i?
947
Suppose -2*j + 10 = 0, 11944 = 3*w - 8*j + 7*j. What are the prime factors of w?
7, 569
List the prime factors of (2/(-5))/(2/(-9) - 46708181/(-210192120)).
2, 4457
Let v(m) = 3*m - 9. Let s be v(4). Let a be s/1 + (-16)/(-8). List the prime factors of 2/10 - a/((-50)/188).
19
Suppose -17*g = 3*g + 9480. List the prime factors of g/8*500/(-75).
5, 79
Let s = -44 + 826. What are the prime factors of s?
2, 17, 23
List the prime factors of (1741*5/3)/(1/3).
5, 1741
Let w(m) = 355*m**2 + 324*m - 39. List the prime factors of w(6).
3, 5, 11, 89
Let y(h) = 74*h**2 + 12*h + 69. Let z be y(-4). Let b = -803 + z. List the prime factors of b.
2, 3, 67
What are the prime factors of (-19 - 445354/140)*-10?
3, 10667
Let b(f) = 2*f**3 + f**2 - 8*f - 11. Let z be b(-2). What are the prime factors of (-1 + z)/2 + 185 + 0?
181
Suppose w + 10 - 535 = 0. Let j = w - 185. Suppose -22*g - j = -27*g. What are the prime factors of g?
2, 17
Let q(d) = d**3 - 5*d**2 + 6*d - 6. Let a be q(4). Let w(f) = f + 4. Let n(i) = -4*i - 11. Let p(v) = a*n(v) + 7*w(v). What are the prime factors of p(-11)?
17
Let p